{"id":793,"date":"2015-07-31T19:31:37","date_gmt":"2015-07-31T19:31:37","guid":{"rendered":"http:\/\/www.bb-keramika.com\/?page_id=793"},"modified":"2015-07-31T20:45:04","modified_gmt":"2015-07-31T20:45:04","slug":"piskotki","status":"publish","type":"page","link":"https:\/\/www.bb-keramika.com\/?page_id=793","title":{"rendered":"PI\u0160KOTKI"},"content":{"rendered":"<h4><b>Kaj so pi\u0161kotki?<\/b><\/h4>\n<p>Pi\u0161kotek je majhna tekstovna datoteka, ki se prenese na ra\u010dunalnik uporabnika ob njegovem obisku spletne strani in obi\u010dajno vsebuje:<\/p>\n<p>\u2022 ime stre\u017enika, s katerega je bil poslan pi\u0161kotek;<br \/>\n\u2022 \u017eivljenjsko dobo pi\u0161kotka;<br \/>\n\u2022 vrednost \u2013 navadno naklju\u010dno generirano edinstveno \u0161tevilo.<\/p>\n<p>Sam pi\u0161kotek ne vsebuje ali zbira informacij. \u010ce pa ga prebere stre\u017enik skupaj s spletnim brskalnikom, je to lahko spletnemu mestu v pomo\u010d pri izvajanju uporabniku prijaznej\u0161ih storitev \u2013 na primer tako, da se spomni prej\u0161njih nakupov ali podatkov o uporabnikovem ra\u010dunu. Samo stre\u017enik, ki je poslal pi\u0161kotek, lahko prebere in uporablja ta pi\u0161kotek.<\/p>\n<p>Na spletnem mestu, vrednem zaupanja, lahko tako pi\u0161kotki obogatijo izku\u0161njo. Lahko pa so pi\u0161kotki uporabljeni tudi na na\u010dine, ki pomenijo poseg v posameznikovo zasebnost.<\/p>\n<p>Pi\u0161kotki so lahko shranjeni razli\u010dno dolgo, le za trajanje seje brskanja ali pa veliko dlje. <strong>Za\u010dasni ali sejni pi\u0161kotki (session cookies)<\/strong> \u00bb\u017eivijo\u00ab od trenutka, ko uporabnik odpre brskalnik, pa do trenutka, ko sejo kon\u010da in zapre\u00a0brskalnik. Spletna mesta jih uporabljajo za shranjevanje za\u010dasnih informacij, na primer elementov v nakupovalnem vozi\u010dku, za ve\u010djo varnost pri spletnem ban\u010dni\u0161tvu, itd. Ker so taki pi\u0161kotki shranjeni za kraj\u0161i \u010das, je njihova invazivnost za zasebnost uporabnika lahko manj\u0161a.<\/p>\n<p><strong>Trajni ali shranjeni pi\u0161kotki (persistent cookies)<\/strong> pa ostanejo shranjeni, tudi ko uporabnik zapre brskalnik in zaklju\u010di sejo. Spletna mesta jih uporabljajo npr. za shranjevanje informacij o registraciji, nastavitvah jezika strani, itd., pa tudi za grajenje profilov uporabnikov in analiziranje prometa. Trajni pi\u0161kotki lahko v ra\u010dunalniku ostanejo ve\u010d dni, mesecev ali celo let.<\/p>\n<p><strong>Lastni pi\u0161kotki (1st party cookies)<\/strong> so s spletnega mesta, ki si ga uporabnik ogleduje, in so lahko trajni ali za\u010dasni. Spletna mesta te pi\u0161kotke uporabljajo za shranjevanje informacij, ki jih bodo znova uporabila, ko uporabnik naslednji\u010d obi\u0161\u010de to mesto.<\/p>\n<p><strong>Drugi pi\u0161kotki (3rd party cookies)<\/strong> izvirajo od drugih, partnerskih, spletnih mest (ki na primer prikazujejo oglase na izvirni spleteni strani ali merijo promet). Tretje strani lahko na ta na\u010din zbirajo podatke o uporabnikih iz razli\u010dnih spletnih mest in jih uporabljajo za razli\u010dne namene, od ogla\u0161evanja, analitike pa do izbolj\u0161ave svojih produktov. Taki pi\u0161kotki predstavljajo ve\u010dji poseg v zasebnost uporabnika.<\/p>\n<p><strong>UPORABA PI\u0160KOTKOV<\/strong><\/p>\n<p>S pi\u0161kotki vas osebno ne identificiramo. Uporabljamo jih samo za bolj\u0161e delovanje spleti\u0161\u010da. \u00a0Z uporabo tega spletnega mesta se strinjate, da spletno mesto bb-keramika.com\u00a0nastavi pi\u0161kotke na va\u0161i napravi.<\/p>\n<p><strong>ZAKAJ NA\u0160A SPLETNA STRAN POTREBUJE PI\u0160KOTKE?<\/strong><\/p>\n<p>Glavni namen pi\u0161kotka je, da (na\u0161emu) spletnemu stre\u017eniku omogo\u010di, da uporabniku predstavi prilagojene spletne strani, ki omogo\u010dajo, da je do\u017eivetje ob obisku (na\u0161e) spletne strani bolj osebno in da se bolje odziva na posamezne uporabnikove potrebe. Interakcija med uporabnikom in spletnim mestom je s pomo\u010djo pi\u0161kotkov hitrej\u0161a in enostavnej\u0161a. Z njihovo pomo\u010djo si spletna stran zapomni posameznikove preference in izku\u0161nje, s tem je uporabniku ob ponovnem obisku prihranjen \u010das, brskanje po spletnih straneh pa je tako bolj u\u010dinkovito in prijetno.<\/p>\n<p>&nbsp;<\/p>\n<p><strong>KATERE PI\u0160KOTKE NA\u0160A STRAN UPORABLJA?<\/strong><\/p>\n<table width=\"584\">\n<tbody>\n<tr>\n<td width=\"144\">Ime pi\u0161kotka<\/td>\n<td width=\"145\">Namen uporabe<\/td>\n<td width=\"144\">\u010cas trajanja<\/td>\n<td width=\"129\">Podjetje<\/td>\n<\/tr>\n<tr>\n<td width=\"144\">_utma<\/td>\n<td width=\"145\">Statistika ogledov spletne strani<\/td>\n<td width=\"144\">2 leti<\/td>\n<td width=\"129\">Google Analytics<\/td>\n<\/tr>\n<\/tbody>\n<\/table>\n","protected":false},"excerpt":{"rendered":"<p>Kaj so pi\u0161kotki? Pi\u0161kotek je majhna tekstovna datoteka, ki se prenese na ra\u010dunalnik uporabnika ob njegovem obisku spletne strani in obi\u010dajno vsebuje: \u2022 ime stre\u017enika, s katerega je bil poslan pi\u0161kotek; \u2022 \u017eivljenjsko dobo pi\u0161kotka; \u2022 vrednost \u2013 navadno naklju\u010dno generirano edinstveno \u0161tevilo. Sam pi\u0161kotek ne vsebuje ali zbira informacij. \u010ce pa ga prebere stre\u017enik [&hellip;]<\/p>\n","protected":false},"author":1,"featured_media":0,"parent":0,"menu_order":0,"comment_status":"open","ping_status":"open","template":"","meta":{"footnotes":""},"class_list":["post-793","page","type-page","status-publish","hentry"],"_links":{"self":[{"href":"https:\/\/www.bb-keramika.com\/index.php?rest_route=\/wp\/v2\/pages\/793","targetHints":{"allow":["GET"]}}],"collection":[{"href":"https:\/\/www.bb-keramika.com\/index.php?rest_route=\/wp\/v2\/pages"}],"about":[{"href":"https:\/\/www.bb-keramika.com\/index.php?rest_route=\/wp\/v2\/types\/page"}],"author":[{"embeddable":true,"href":"https:\/\/www.bb-keramika.com\/index.php?rest_route=\/wp\/v2\/users\/1"}],"replies":[{"embeddable":true,"href":"https:\/\/www.bb-keramika.com\/index.php?rest_route=%2Fwp%2Fv2%2Fcomments&post=793"}],"version-history":[{"count":5,"href":"https:\/\/www.bb-keramika.com\/index.php?rest_route=\/wp\/v2\/pages\/793\/revisions"}],"predecessor-version":[{"id":798,"href":"https:\/\/www.bb-keramika.com\/index.php?rest_route=\/wp\/v2\/pages\/793\/revisions\/798"}],"wp:attachment":[{"href":"https:\/\/www.bb-keramika.com\/index.php?rest_route=%2Fwp%2Fv2%2Fmedia&parent=793"}],"curies":[{"name":"wp","href":"https:\/\/api.w.org\/{rel}","templated":true}]}}